{"id":222,"date":"2020-11-10T17:46:29","date_gmt":"2020-11-10T20:46:29","guid":{"rendered":"https:\/\/www.inversionessanjuan.gov.ar\/?page_id=222"},"modified":"2024-03-25T20:43:21","modified_gmt":"2024-03-25T23:43:21","slug":"servicios-al-inversor","status":"publish","type":"page","link":"https:\/\/www.inversionessanjuan.gov.ar\/?page_id=222","title":{"rendered":"Servicios al Inversor"},"content":{"rendered":"<div id=\"cs-content\" class=\"cs-content\"><div class=\"x-section e222-e1 m66-0 m66-1\"><div class=\"x-bg\" aria-hidden=\"true\" style=\"border-radius: inherit inherit 100px inherit;\"><div class=\"x-bg-layer-lower-image\" data-x-element-bg-layer=\"{&quot;parallaxSize&quot;:&quot;150%&quot;,&quot;parallaxDir&quot;:&quot;v&quot;,&quot;parallaxRev&quot;:false}\"><\/div><\/div><div class=\"x-row x-container max width e222-e2 m66-5 m66-6 m66-7 m66-8 m66-9 m66-e m66-f\"><div class=\"x-row-inner\"><div class=\"x-col e222-e3 m66-l m66-m m66-n\"><div class=\"x-text x-text-headline e222-e4 m66-p m66-q m66-r m66-s\"><div class=\"x-text-content\"><div class=\"x-text-content-text\"><h1 class=\"x-text-content-text-primary\">Servicios al <strong>Inversor<\/strong><\/h1><\/div><\/div><\/div><\/div><\/div><\/div><\/div><div class=\"x-section e222-e5 m66-0 m66-2 m66-3\"><span class=\"x-separator-top-angle-in\" style=\"top: 0px; height: 70px; color: rgb(255, 255, 255);\" aria-hidden=\"true\"><svg class=\"angle-top-in\" style=\"fill: currentColor;\" xmlns=\"http:\/\/www.w3.org\/2000\/svg\" version=\"1.1\" viewBox=\"0 0 100 100\" preserveAspectRatio=\"none\"><polygon points=\"0,100 50,100 0,0\"\/><polygon points=\"50,100 100,100 100,0\"\/><\/svg><\/span><div class=\"x-bg\" aria-hidden=\"true\"><div class=\"x-bg-layer-lower-image\" style=\" background-image: url(https:\/\/www.inversionessanjuan.gov.ar\/wp-content\/uploads\/2020\/10\/mision-vision-valores.jpg); background-repeat: no-repeat; background-position: bottom; background-size: contain;\"><\/div><\/div><div class=\"x-row x-container max width e222-e6 m66-5 m66-7 m66-8 m66-9 m66-a m66-b m66-e m66-g\"><div class=\"x-row-inner\"><div class=\"x-col e222-e7 m66-l m66-m\"><hr class=\"x-line e222-e8 m66-w\"><\/hr><\/div><\/div><\/div><div class=\"x-row e222-e9 m66-5 m66-7 m66-a m66-b m66-c m66-h\"><div class=\"x-row-inner\"><div class=\"x-col e222-e10 m66-l m66-o\"><div class=\"x-text x-text-headline e222-e11 m66-p m66-q m66-t m66-u\"><div class=\"x-text-content\"><div class=\"x-text-content-text\"><h1 class=\"x-text-content-text-primary\"><span style=\"color: #000000;\">Qu&eacute; podemos hacer<\/span><br \/><span style=\"color: #000000;\">por<strong> Usted?<\/strong><\/span><\/h1><\/div><\/div><\/div><div class=\"x-text x-content e222-e12 m66-x m66-y m66-z m66-10\"><p>La Unidad de Atracci\u00f3n de Inversiones est\u00e1 a disposici\u00f3n de los empresarios que\u00a0eligen crecer, invertir y reinvertir en San Juan.<br \/>\nContamos con servicios espec\u00edficos para cada etapa del ciclo de inversi\u00f3n y con\u00a0un equipo de profesionales capacitados para brindar soluciones a su medida.<br \/>\nPromocionamos a San Juan como la mejor inversi\u00f3n, brindando informaci\u00f3n\u00a0general acerca de la Provincia y sus sectores productivos. Contamos con la Gu\u00eda de Tramites del Inversor; como as\u00ed\u00a0tambi\u00e9n, documentos de negocios sectoriales.<br \/>\nTe brindamos asesoramiento sobre el ambiente de negocios, el sistema fiscal y la\u00a0estructura jur\u00eddico, pol\u00edtica y social de la Provincia; como as\u00ed tambi\u00e9n, sobre\u00a0programas de apoyo financiero, asistencia t\u00e9cnica e incentivos econ\u00f3micos y\u00a0fiscales. Todo ello, para implementar estrategias destinadas a impulsar el posicionamiento de San Juan como destino de Inversiones en el mercado Regional, Nacional e Internacional.<br \/>\nDe igual modo, te acompa\u00f1amos para lograr el \u00e9xito en la radicaci\u00f3n y desarrollo\u00a0de tu negocio en San Juan con nuestros servicios al inversor.<\/p><\/div><hr class=\"x-line e222-e13 m66-w\"><\/hr><\/div><div class=\"x-col e222-e14 m66-l m66-m\"><div class=\"x-text x-content e222-e15 m66-y m66-10 m66-11\">Nuestro anhelo es que San Juan sea el destino de su pr\u00f3xima inversi\u00f3n<\/div><hr class=\"x-line e222-e16 m66-w\"><\/hr><\/div><\/div><\/div><\/div><div class=\"x-section e222-e17 m66-0 m66-4\"><div class=\"x-bg\" aria-hidden=\"true\"><div class=\"x-bg-layer-lower-image\" data-x-element-bg-layer=\"{&quot;parallaxSize&quot;:&quot;150%&quot;,&quot;parallaxDir&quot;:&quot;v&quot;,&quot;parallaxRev&quot;:false}\"><\/div><\/div><div class=\"x-row x-container max width e222-e18 m66-5 m66-7 m66-8 m66-9 m66-a m66-b m66-e m66-i\"><div class=\"x-row-inner\"><div class=\"x-col e222-e19 m66-l m66-m\"><div class=\"x-text x-text-headline e222-e20 m66-q m66-s m66-t m66-v\"><div class=\"x-text-content\"><div class=\"x-text-content-text\"><h1 class=\"x-text-content-text-primary\"><p>Unidad de Atracci\u00f3n de<br \/>\n<strong>Inversiones<\/strong><\/p><\/h1><\/div><\/div><\/div><\/div><\/div><\/div><div class=\"x-row x-container max width e222-e21 m66-5 m66-9 m66-a m66-d m66-j\"><div class=\"x-row-inner\"><div class=\"x-col e222-e22 m66-l m66-m\"><div  class=\"x-card-outer flip-from-left center-vertically\" data-x-element=\"classic_card\"><div class=\"x-card-inner\"><div class=\"x-face-outer front\" style=\"border-width: 8px 8px 8px 8px; border-style: solid; border-color: #a13555; color: #ffffff; background-color: #b8677f;\"><div class=\"x-face-inner\"><div class=\"x-face-content\" style=\"padding: 10% 10% 30% 10%;\"><div class=\"x-face-graphic\"><i style=\"margin: 0; font-size: 36px; color: #792840;\" class=\"x-icon-info-circle\" data-x-icon-s=\"&#xf05a;\"><\/i><\/div><h4 class=\"x-face-title\">Oficina de Atenci\u00f3n al Inversor<\/h4><p class=\"x-face-text\"> <\/p><\/div><\/div><\/div><div class=\"x-face-outer back\" style=\"border-width: 8px 8px 8px 8px; border-style: solid; border-color: #db9600; color: #ffffff; background-color: #e4b03f;\"><div class=\"x-face-inner\"><div class=\"x-face-content\" style=\"padding: 10% 10% 30% 10%;\"><h4 class=\"x-face-title\">Somos el Punto de Contacto<\/h4><p class=\"x-face-text\">entre el Gobierno de San Juan y las empresas interesadas en invertir y crecer en la Provincia. Esta oficina proporciona asesoramiento, gesti\u00f3n de consultas, visitas in situ, armado de agendas y asistencia en tr\u00e1mites.<\/p><\/div><\/div><\/div><\/div><\/div><\/div><div class=\"x-col e222-e24 m66-l m66-m\"><div  class=\"x-card-outer flip-from-left center-vertically\" data-x-element=\"classic_card\"><div class=\"x-card-inner\"><div class=\"x-face-outer front\" style=\"border-width: 8px 8px 8px 8px; border-style: solid; border-color:  #a13555; color: #ffffff; background-color: #b8677f;\"><div class=\"x-face-inner\"><div class=\"x-face-content\" style=\"padding: 10% 10% 30% 10%;\"><div class=\"x-face-graphic\"><i style=\"margin: 0; font-size: 36px; color: #792840;\" class=\"x-icon-info-circle\" data-x-icon-s=\"&#xf05a;\"><\/i><\/div><h4 class=\"x-face-title\">Oficina de Informaci\u00f3n y Seguimiento<\/h4><p class=\"x-face-text\"> <\/p><\/div><\/div><\/div><div class=\"x-face-outer back\" style=\"border-width: 8px 8px 8px 8px; border-style: solid; border-color: #db9600; color: #ffffff; background-color: #e4b03f;\"><div class=\"x-face-inner\"><div class=\"x-face-content\" style=\"padding: 10% 10% 30% 10%;\"><h4 class=\"x-face-title\">Le Brindamos<\/h4><p class=\"x-face-text\">Asesoramiento sobre programas e incentivos a la inversi\u00f3n + Oportunidades de negocios para cada sector + Normas, regulaciones y relaciones estrat\u00e9gicas + Aftercare.<\/p><\/div><\/div><\/div><\/div><\/div><\/div><div class=\"x-col e222-e26 m66-l m66-m\"><div  class=\"x-card-outer flip-from-left center-vertically\" data-x-element=\"classic_card\"><div class=\"x-card-inner\"><div class=\"x-face-outer front\" style=\"border-width: 8px 8px 8px 8px; border-style: solid; border-color:  #a13555; color: #ffffff; background-color: #b8677f;\"><div class=\"x-face-inner\"><div class=\"x-face-content\" style=\"padding: 10% 10% 30% 10%;\"><div class=\"x-face-graphic\"><i style=\"margin: 0; font-size: 36px; color: #792840;\" class=\"x-icon-info-circle\" data-x-icon-s=\"&#xf05a;\"><\/i><\/div><h4 class=\"x-face-title\">Asesoramiento on Line y Contacto<\/h4><p class=\"x-face-text\"> <\/p><\/div><\/div><\/div><div class=\"x-face-outer back\" style=\"border-width: 8px 8px 8px 8px; border-style: solid; border-color: #db9600; color: #ffffff; background-color: #e4b03f;\"><div class=\"x-face-inner\"><div class=\"x-face-content\" style=\"padding: 10% 10% 30% 10%;\"><h4 class=\"x-face-title\">Domicilio<\/h4><p class=\"x-face-text\">Paula Albarrac\u00edn de Sarmiento 134 norte, Pabell\u00f3n 5, Casa de Gobierno de San Juan. \nTel\u00e9fono: 0264-4296282 \n<\/p><\/div><\/div><\/div><\/div><\/div><div class=\"x-text x-content e222-e28 m66-y m66-z m66-12\"><p class=\"p1\"><span class=\"s1\"><span style=\"color: #ffffff;\">Email: <a href=\"mailto:cmarino@inversionessanjuan.gov.ar\" style=\"color: #ffffff;\"><span class=\"s2\">cmarino@inversionessanjuan.gov.ar<\/span><\/a><\/span><\/span><span class=\"s3\"><br \/>\n<\/span><span class=\"s1\" style=\"color: #ffffff;\"><a href=\"https:\/\/docs.google.com\/forms\/d\/e\/1FAIpQLSfWp9ai2fViHZXrAMa_jN-yFc8iU75YZPZXVZjOWztSPYLzAQ\/viewform\" style=\"color: #ffffff;\">Asesoramiento online<\/a> <a href=\"https:\/\/docs.google.com\/forms\/d\/e\/1FAIpQLSfWp9ai2fViHZXrAMa_jN-yFc8iU75YZPZXVZjOWztSPYLzAQ\/viewform\" style=\"color: #ffffff;\"><span class=\"s2\">AQU\u00cd<\/span><\/a><\/span><\/p><\/div><\/div><\/div><\/div><\/div><div class=\"x-section e222-e29 m66-0 m66-2\"><div class=\"x-row e222-e30 m66-5 m66-7 m66-8 m66-9 m66-a m66-b m66-e m66-k\"><div class=\"x-row-inner\"><div class=\"x-col e222-e31 m66-l m66-m\"><a class=\"x-anchor x-anchor-button has-int-content e222-e32 m66-13\" tabindex=\"0\" href=\"https:\/\/forms.gle\/7H9Wysgad8c4TboD9\"><div class=\"x-anchor-content x-anchor-content-out-slide-bottom-in-scale-up\"><div class=\"x-anchor-text\"><span class=\"x-anchor-text-primary\">Necesita Informaci\u00f3n<br><strong>Adicional?<\/strong><\/span><\/div><\/div><div class=\"x-anchor-content x-anchor-content-out-slide-bottom-in-scale-up is-int\"><div class=\"x-anchor-text\"><div class=\"x-anchor-text-primary\">Cont\u00e1ctenos!<\/div><div class=\"x-anchor-text-secondary\">Lo asesoraremos personalmente.<\/div><\/div><\/div><\/a><\/div><\/div><\/div><\/div><span data-x-element-responsive-text=\"{&quot;selector&quot;:&quot;.h-responsive&quot;,&quot;compression&quot;:&quot;1.0&quot;,&quot;minFontSize&quot;:&quot;11px&quot;,&quot;maxFontSize&quot;:&quot;96&quot;}\" class=\"e222-e33\"><\/span><\/div>\n","protected":false},"excerpt":{"rendered":"<p>Servicios al InversorQu&eacute; podemos hacerpor Usted?La Unidad de Atracci\u00f3n de Inversiones est\u00e1 a disposici\u00f3n de los empresarios que\u00a0eligen crecer, invertir y reinvertir en San Juan. Contamos con servicios espec\u00edficos para cada etapa del ciclo de inversi\u00f3n y con\u00a0un equipo de profesionales capacitados para brindar soluciones a su medida. Promocionamos a San Juan como la mejor inversi\u00f3n, brindando informaci\u00f3n\u00a0general acerca de &#8230; <\/p>\n<div><a href=\"https:\/\/www.inversionessanjuan.gov.ar\/?page_id=222\" class=\"more-link\">Read More<\/a><\/div>\n","protected":false},"author":1,"featured_media":0,"parent":0,"menu_order":0,"comment_status":"closed","ping_status":"closed","template":"template-blank-4.php","meta":{"footnotes":""},"_links":{"self":[{"href":"https:\/\/www.inversionessanjuan.gov.ar\/index.php?rest_route=\/wp\/v2\/pages\/222"}],"collection":[{"href":"https:\/\/www.inversionessanjuan.gov.ar\/index.php?rest_route=\/wp\/v2\/pages"}],"about":[{"href":"https:\/\/www.inversionessanjuan.gov.ar\/index.php?rest_route=\/wp\/v2\/types\/page"}],"author":[{"embeddable":true,"href":"https:\/\/www.inversionessanjuan.gov.ar\/index.php?rest_route=\/wp\/v2\/users\/1"}],"replies":[{"embeddable":true,"href":"https:\/\/www.inversionessanjuan.gov.ar\/index.php?rest_route=%2Fwp%2Fv2%2Fcomments&post=222"}],"version-history":[{"count":35,"href":"https:\/\/www.inversionessanjuan.gov.ar\/index.php?rest_route=\/wp\/v2\/pages\/222\/revisions"}],"predecessor-version":[{"id":1819,"href":"https:\/\/www.inversionessanjuan.gov.ar\/index.php?rest_route=\/wp\/v2\/pages\/222\/revisions\/1819"}],"wp:attachment":[{"href":"https:\/\/www.inversionessanjuan.gov.ar\/index.php?rest_route=%2Fwp%2Fv2%2Fmedia&parent=222"}],"curies":[{"name":"wp","href":"https:\/\/api.w.org\/{rel}","templated":true}]}}